r of 5308584 and 864552?
3912
Calculate the highest common divisor of 454127 and 91052.
103
Calculate the greatest common divisor of 120850 and 28350.
50
Calculate the highest common divisor of 5562945 and 242703.
2403
Calculate the greatest common divisor of 191 and 1896761981.
191
Calculate the highest common divisor of 94905 and 260300.
95
Calculate the highest common divisor of 15 and 12177687.
3
Calculate the greatest common factor of 10920 and 16549120.
280
What is the greatest common divisor of 572 and 2198339?
143
What is the greatest common divisor of 612 and 371326716?
612
What is the highest common factor of 33692216 and 312?
8
Calculate the highest common divisor of 3453384 and 8088.
24
What is the highest common factor of 1111974 and 464166?
1446
What is the highest common factor of 238 and 21496188?
14
What is the greatest common divisor of 3084090 and 9885?
15
Calculate the greatest common factor of 120 and 8313192.
24
What is the greatest common divisor of 10175549 and 1653?
29
Calculate the greatest common factor of 13762 and 2198.
14
Calculate the highest common divisor of 133 and 141026227.
19
Calculate the highest common factor of 11096 and 3076309.
19
What is the highest common divisor of 596 and 4506058?
298
What is the highest common divisor of 13046 and 7252390?
1186
What is the highest common divisor of 135042 and 10778?
634
What is the greatest common divisor of 28764 and 179873277?
2397
Calculate the highest common divisor of 5398 and 3454.
2
Calculate the greatest common divisor of 82161 and 2376583.
3043
Calculate the greatest common factor of 13736062 and 1731.
577
Calculate the greatest common factor of 3819180 and 22260.
3180
What is the highest common factor of 232323 and 98679?
777
Calculate the highest common divisor of 1042002628 and 124.
124
Calculate the highest common divisor of 1166 and 78463.
11
Calculate the highest common divisor of 20264 and 12374912.
136
Calculate the highest common factor of 23485 and 6797230.
3355
What is the highest common divisor of 332 and 333967764?
332
What is the greatest common divisor of 2695 and 61287485?
245
What is the greatest common factor of 184210 and 130800?
1090
What is the highest common factor of 1875 and 22514600?
25
Calculate the highest common divisor of 154816 and 85444.
164
What is the greatest common divisor of 75252 and 146382?
6
What is the greatest common factor of 108 and 112617300?
12
What is the highest common factor of 20872690 and 6150?
410
What is the greatest common divisor of 15413795 and 1265?
115
Calculate the greatest common divisor of 7528304 and 2800.
112
Calculate the highest common factor of 250724190 and 60.
30
Calculate the greatest common factor of 8225 and 2275025.
25
What is the greatest common divisor of 23608 and 9635015?
2951
What is the highest common divisor of 1334330 and 2726?
94
Calculate the greatest common factor of 1870674 and 5220.
174
Calculate the highest common factor of 27042720 and 28408.
424
What is the highest common divisor of 427265561 and 3963?
1321
What is the highest common divisor of 4713 and 236322388?
1571
What is the highest common divisor of 129954 and 171094?
242
Calculate the highest common divisor of 4841083 and 15043.
307
What is the greatest common factor of 893097 and 117?
9
Calculate the highest common divisor of 43787471 and 819.
91
Calculate the greatest common divisor of 8858 and 1001771.
43
Calculate the greatest common factor of 158148 and 45540.
828
What is the greatest common divisor of 10385 and 16578180?
155
What is the greatest common divisor of 201116 and 23427?
137
What is the greatest common divisor of 105 and 32320695?
15
Calculate the greatest common factor of 12760 and 1710104.
88
What is the greatest common divisor of 25673868 and 836?
44
Calculate the highest common factor of 32390667 and 2988.
747
Calculate the highest common factor of 204386 and 742.
14
Calculate the highest common divisor of 435034063 and 4573.
4573
What is the highest common divisor of 393 and 658721186?
131
Calculate the highest common divisor of 71851 and 10985.
13
What is the greatest common divisor of 18956097 and 1395?
279
Calculate the highest common factor of 12326690 and 2585.
235
What is the greatest common factor of 84840 and 86982?
42
What is the highest common factor of 308790 and 3041370?
4230
Calculate the highest common factor of 25009316 and 1499.
1499
What is the highest common factor of 74136842 and 52?
26
What is the highest common factor of 84 and 604653?
21
What is the highest common divisor of 2242 and 111918398?
2242
What is the greatest common factor of 506109 and 7665?
219
What is the highest common divisor of 25 and 905049300?
25
What is the greatest common factor of 320604363 and 18?
9
What is the highest common divisor of 75440476 and 49122?
5458
What is the greatest common divisor of 20832 and 7330848?
672
What is the greatest common divisor of 2725 and 6640280?
545
What is the highest common factor of 918 and 2378718?
18
What is the highest common factor of 20506630 and 1?
1
What is the greatest common factor of 28747547 and 334?
167
Calculate the highest common factor of 5525 and 11203.
17
What is the highest common divisor of 15342 and 339449421?
7671
Calculate the greatest common divisor of 19 and 2867117005.
19
Calculate the highest common divisor of 28 and 176973720.
28
Calculate the highest common divisor of 681852475 and 25.
25
What is the greatest common divisor of 80089560 and 57?
57
What is the greatest common factor of 721952 and 19488?
224
What is the highest common divisor of 303024 and 1005800?
856
What is the highest common divisor of 1652 and 1153068?
28
What is the highest common factor of 356558832 and 6648?
6648
Calculate the highest common factor of 5676 and 3013483.
473
Calculate the highest common divisor of 680372 and 87164.
308
Calculate the highest common factor of 32122844 and 199424.
3116
Calculate the highest common divisor of 234752 and 16384.
256
What is the highest common factor of 37 and 1682652330?
37
What is the highest common factor of 2766 and 48774261?
1383
Calculate the greatest common divisor of 12040738 and 3223092.
13102
Calculate the highest common divisor of 1841206 and 26791.
73
What is the greatest common factor of 1554138 and 16182?
18
What is the highest common divisor of 334 and 17562722?
334
Calculate the greatest common divisor of 17059 and 116123.
7
Calculate the greatest common factor of 620771211 and 19.
19
Calculate the highest common divisor of 178 and 26626219.
89
What is the greatest common divisor of 8833885 and 80?
5
Calculate the highest common divisor of 32349 and 491021.
263
Calculate the highest common divisor of 3347285791 and 4247.
4247
Calculate the greatest common factor of 189974578 and 212.
106
What is the greatest common divisor of 125580761 and 1647?
61
Calculate the highest common factor of 561108 and 2004.
12
Calculate the greatest common factor of 81344 and 9757312.
1984
Calculate the greatest common divisor of 321994022 and 5334.
1778
Calculate the highest common factor of 278 and 1611278826.
278
What is the highest common divisor of 5 and 992263740?
5
Calculate the greatest common factor of 514752 and 137984.
448
What is the highest common factor of 1541456 and 3752?
56
Calculate the greatest common factor of 183627288 and 7605.
1521
What is the greatest common factor of 7519149 and 138807?
2619
What is the highest common divisor of 16753 and 1739419?
11
What is the highest common factor of 11791 and 11947?
13
Calculate the greatest common factor of 556 and 31044121.
139
Calculate the highest common divisor of 120 and 742741360.
40
Calculate the highest common divisor of 10 and 267260660.
10
Calculate the greatest common factor of 27608157 and 9.
9
Calculate the highest common factor of 3679264 and 2024.
184
What is the greatest common factor of 552530 and 17534?
22
What is the greatest common divisor of 63508000 and 1000?
1000
Calculate the highest common divisor of 304 and 5121032.
152
What is the highest common factor of 560409381 and 54?
27
Calculate the greatest common divisor of 92686856 and 408.
136
What is the highest common divisor of 1133 and 462297?
11
Calculate the greatest common factor o